{"id":1450,"date":"2022-04-07T13:13:11","date_gmt":"2022-04-07T13:13:11","guid":{"rendered":"https:\/\/oblak.unitedbusinessarg.com\/?page_id=1450"},"modified":"2022-05-19T20:32:43","modified_gmt":"2022-05-19T20:32:43","slug":"quienes-somos","status":"publish","type":"page","link":"https:\/\/oblak.unitedbusinessarg.com\/index.php\/quienes-somos\/","title":{"rendered":"Quienes somos"},"content":{"rendered":"<p>[et_pb_section fb_built=&#8221;1&#8243; _builder_version=&#8221;4.16.1&#8243; _module_preset=&#8221;default&#8221; background_enable_color=&#8221;off&#8221; background_image=&#8221;https:\/\/oblak.unitedbusinessarg.com\/wp-content\/uploads\/2022\/03\/Fondo-CAD-Oblak.png&#8221; parallax=&#8221;on&#8221; custom_padding=&#8221;73px||80px|||&#8221; global_colors_info=&#8221;{}&#8221;][et_pb_row column_structure=&#8221;3_5,2_5&#8243; custom_padding_last_edited=&#8221;on|phone&#8221; _builder_version=&#8221;4.16.1&#8243; _module_preset=&#8221;default&#8221; custom_margin_tablet=&#8221;&#8221; custom_margin_phone=&#8221;0px||0px||false|false&#8221; custom_margin_last_edited=&#8221;on|phone&#8221; custom_padding_tablet=&#8221;&#8221; custom_padding_phone=&#8221;0px||0px||false|false&#8221; global_colors_info=&#8221;{}&#8221;][et_pb_column type=&#8221;3_5&#8243; _builder_version=&#8221;4.16&#8243; _module_preset=&#8221;default&#8221; global_colors_info=&#8221;{}&#8221;][et_pb_text _builder_version=&#8221;4.16.1&#8243; _module_preset=&#8221;default&#8221; text_font=&#8221;Syne|600|||||||&#8221; text_font_size=&#8221;20px&#8221; header_font=&#8221;Poppins|700|||||||&#8221; header_font_size=&#8221;50px&#8221; header_font_size_tablet=&#8221;40px&#8221; header_font_size_phone=&#8221;25px&#8221; header_font_size_last_edited=&#8221;on|tablet&#8221; header_2_font_size_tablet=&#8221;&#8221; header_2_font_size_phone=&#8221;20px&#8221; header_2_font_size_last_edited=&#8221;on|phone&#8221; global_colors_info=&#8221;{}&#8221;]<\/p>\n<h1>CONOCENOS<\/h1>\n<p>[\/et_pb_text][dipl_double_color_heading heading_pre_part=&#8221;Una empresa siempre&#8221; heading_main_part=&#8221;premium&#8221; _builder_version=&#8221;4.16.1&#8243; _module_preset=&#8221;default&#8221; pre_header_font=&#8221;Syne||||||||&#8221; main_header_font=&#8221;Syne|600|||||||&#8221; main_header_text_color=&#8221;gcid-a02407f4-236d-483b-9541-55c556949c08&#8243; custom_margin=&#8221;-25px||||false|false&#8221; custom_margin_tablet=&#8221;-25px||||false|false&#8221; custom_margin_phone=&#8221;-25px||||false|false&#8221; custom_margin_last_edited=&#8221;on|desktop&#8221; global_colors_info=&#8221;{%22gcid-a02407f4-236d-483b-9541-55c556949c08%22:%91%22main_header_text_color%22%93}&#8221;][\/dipl_double_color_heading][\/et_pb_column][et_pb_column type=&#8221;2_5&#8243; _builder_version=&#8221;4.16&#8243; _module_preset=&#8221;default&#8221; global_colors_info=&#8221;{}&#8221;][\/et_pb_column][\/et_pb_row][\/et_pb_section][et_pb_section fb_built=&#8221;1&#8243; custom_padding_last_edited=&#8221;on|phone&#8221; _builder_version=&#8221;4.16.1&#8243; _module_preset=&#8221;default&#8221; background_enable_color=&#8221;off&#8221; custom_margin_tablet=&#8221;&#8221; custom_margin_phone=&#8221;0px||||false|false&#8221; custom_margin_last_edited=&#8221;on|phone&#8221; custom_padding_tablet=&#8221;&#8221; custom_padding_phone=&#8221;0px||||false|false&#8221; global_colors_info=&#8221;{}&#8221;][et_pb_row column_structure=&#8221;1_2,1_2&#8243; custom_padding_last_edited=&#8221;on|phone&#8221; _builder_version=&#8221;4.16.1&#8243; _module_preset=&#8221;default&#8221; custom_margin_tablet=&#8221;&#8221; custom_margin_phone=&#8221;0px||||false|false&#8221; custom_margin_last_edited=&#8221;on|phone&#8221; custom_padding_tablet=&#8221;&#8221; custom_padding_phone=&#8221;0px||||false|false&#8221; global_colors_info=&#8221;{}&#8221;][et_pb_column type=&#8221;1_2&#8243; _builder_version=&#8221;4.16.1&#8243; _module_preset=&#8221;default&#8221; global_colors_info=&#8221;{}&#8221;][et_pb_image src=&#8221;https:\/\/oblak.unitedbusinessarg.com\/wp-content\/uploads\/2022\/04\/comienzos.jpg&#8221; title_text=&#8221;comienzos&#8221; _builder_version=&#8221;4.17.4&#8243; _module_preset=&#8221;default&#8221; scroll_vertical_motion=&#8221;0|50|50|100|5|0|-1.5&#8243; hover_enabled=&#8221;0&#8243; global_colors_info=&#8221;{}&#8221; scroll_fade_enable=&#8221;on&#8221; sticky_enabled=&#8221;0&#8243; custom_margin=&#8221;-50px||||false|false&#8221;][\/et_pb_image][\/et_pb_column][et_pb_column type=&#8221;1_2&#8243; _builder_version=&#8221;4.16.1&#8243; _module_preset=&#8221;default&#8221; global_colors_info=&#8221;{}&#8221;][et_pb_text _builder_version=&#8221;4.16.1&#8243; _module_preset=&#8221;default&#8221; text_font=&#8221;Poppins||||||||&#8221; text_text_color=&#8221;gcid-aa1cfdf0-3498-4194-aea4-d087995b0325&#8243; text_font_size=&#8221;16px&#8221; header_2_font=&#8221;Poppins|700|||||||&#8221; header_2_text_color=&#8221;gcid-a02407f4-236d-483b-9541-55c556949c08&#8243; header_2_font_size_tablet=&#8221;&#8221; header_2_font_size_phone=&#8221;20px&#8221; header_2_font_size_last_edited=&#8221;on|phone&#8221; global_colors_info=&#8221;{%22gcid-a02407f4-236d-483b-9541-55c556949c08%22:%91%22header_2_text_color%22%93,%22gcid-aa1cfdf0-3498-4194-aea4-d087995b0325%22:%91%22text_text_color%22%93}&#8221;]<\/p>\n<h2>LA EMPRESA, EL COMIENZO<\/h2>\n<p><span>En la d\u00e9cada de 1950 los hermanos OBLAK, llegados de Eslovenia, instalan su taller en Buenos Aires. Su profundo conocimiento sobre la madera les permite producir puertas y ventanas de gran calidad, y sentar las bases de un s\u00f3lido crecimiento. En 1955, abren su primer local comercial. As\u00ed hoy, 65 a\u00f1os despu\u00e9s, el sue\u00f1o de los hermanos OBLAK se convirti\u00f3 en una empresa l\u00edder, y sus productos ahora desarrollados con la m\u00e1s alta tecnolog\u00eda, son un verdadero orgullo de la industria nacional.<\/span><\/p>\n<p>[\/et_pb_text][\/et_pb_column][\/et_pb_row][\/et_pb_section][et_pb_section fb_built=&#8221;1&#8243; custom_padding_last_edited=&#8221;on|phone&#8221; prev_background_color=&#8221;#ffffff&#8221; _builder_version=&#8221;4.16.1&#8243; _module_preset=&#8221;default&#8221; background_color=&#8221;#f9f9f9&#8243; custom_margin_tablet=&#8221;&#8221; custom_margin_phone=&#8221;0px||||false|false&#8221; custom_margin_last_edited=&#8221;on|phone&#8221; custom_padding_tablet=&#8221;&#8221; custom_padding_phone=&#8221;0px||||false|false&#8221; top_divider_style=&#8221;triangle&#8221; top_divider_height=&#8221;40px&#8221; top_divider_flip=&#8221;vertical&#8221; scroll_scaling=&#8221;0|47|47|100|80%|120%|120%&#8221; global_colors_info=&#8221;{}&#8221;][et_pb_row column_structure=&#8221;1_2,1_2&#8243; custom_padding_last_edited=&#8221;on|phone&#8221; _builder_version=&#8221;4.16.1&#8243; _module_preset=&#8221;default&#8221; custom_margin_tablet=&#8221;&#8221; custom_margin_phone=&#8221;0px||||false|false&#8221; custom_margin_last_edited=&#8221;on|phone&#8221; custom_padding_tablet=&#8221;&#8221; custom_padding_phone=&#8221;0px||||false|false&#8221; global_colors_info=&#8221;{}&#8221;][et_pb_column type=&#8221;1_2&#8243; _builder_version=&#8221;4.16.1&#8243; _module_preset=&#8221;default&#8221; global_colors_info=&#8221;{}&#8221;][et_pb_text _builder_version=&#8221;4.16.1&#8243; _module_preset=&#8221;default&#8221; text_font=&#8221;Poppins||||||||&#8221; text_text_color=&#8221;gcid-aa1cfdf0-3498-4194-aea4-d087995b0325&#8243; text_font_size=&#8221;16px&#8221; header_2_font=&#8221;Poppins|700|||||||&#8221; header_2_text_color=&#8221;gcid-a02407f4-236d-483b-9541-55c556949c08&#8243; header_2_font_size_tablet=&#8221;&#8221; header_2_font_size_phone=&#8221;20px&#8221; header_2_font_size_last_edited=&#8221;on|phone&#8221; global_colors_info=&#8221;{%22gcid-a02407f4-236d-483b-9541-55c556949c08%22:%91%22header_2_text_color%22%93,%22gcid-aa1cfdf0-3498-4194-aea4-d087995b0325%22:%91%22text_text_color%22%93}&#8221;]<\/p>\n<h2>UN CAT\u00c1LOGO DE RAZONES<\/h2>\n<p><span>Nos esforzamos cada d\u00eda para producir la m\u00e1s completa l\u00ednea de puertas de entrada y de interior. Un recorrido por nuestro cat\u00e1logo le mostrar\u00e1 la gran cantidad de opciones que ofrecemos, porque estamos profundamente involucrados con las necesidades de nuestro rubro. Que pueda contar con las mejores puertas del mercado es nuestro desaf\u00edo, todos los d\u00edas.<\/span><\/p>\n<p>[\/et_pb_text][\/et_pb_column][et_pb_column type=&#8221;1_2&#8243; _builder_version=&#8221;4.16.1&#8243; _module_preset=&#8221;default&#8221; global_colors_info=&#8221;{}&#8221;][et_pb_image src=&#8221;https:\/\/oblak.unitedbusinessarg.com\/wp-content\/uploads\/2022\/04\/muchas-puertas.png&#8221; title_text=&#8221;muchas puertas&#8221; _builder_version=&#8221;4.16.1&#8243; _module_preset=&#8221;default&#8221; global_colors_info=&#8221;{}&#8221;][\/et_pb_image][\/et_pb_column][\/et_pb_row][\/et_pb_section][et_pb_section fb_built=&#8221;1&#8243; custom_padding_last_edited=&#8221;on|phone&#8221; prev_background_color=&#8221;#f9f9f9&#8243; _builder_version=&#8221;4.16.1&#8243; _module_preset=&#8221;default&#8221; background_enable_color=&#8221;off&#8221; custom_margin_tablet=&#8221;&#8221; custom_margin_phone=&#8221;0px||||false|false&#8221; custom_margin_last_edited=&#8221;on|phone&#8221; custom_padding_tablet=&#8221;&#8221; custom_padding_phone=&#8221;0px||||false|false&#8221; top_divider_style=&#8221;triangle&#8221; top_divider_height=&#8221;40px&#8221; top_divider_flip=&#8221;vertical&#8221; global_colors_info=&#8221;{}&#8221;][et_pb_row column_structure=&#8221;1_2,1_2&#8243; custom_padding_last_edited=&#8221;on|phone&#8221; _builder_version=&#8221;4.16.1&#8243; _module_preset=&#8221;default&#8221; custom_margin_tablet=&#8221;&#8221; custom_margin_phone=&#8221;0px||||false|false&#8221; custom_margin_last_edited=&#8221;on|phone&#8221; custom_padding_tablet=&#8221;&#8221; custom_padding_phone=&#8221;0px||||false|false&#8221; global_colors_info=&#8221;{}&#8221;][et_pb_column type=&#8221;1_2&#8243; _builder_version=&#8221;4.16.1&#8243; _module_preset=&#8221;default&#8221; global_colors_info=&#8221;{}&#8221;][et_pb_image src=&#8221;https:\/\/oblak.unitedbusinessarg.com\/wp-content\/uploads\/2022\/04\/Evolucion.jpg&#8221; title_text=&#8221;Evolucion&#8221; _builder_version=&#8221;4.16.1&#8243; _module_preset=&#8221;default&#8221; global_colors_info=&#8221;{}&#8221;][\/et_pb_image][\/et_pb_column][et_pb_column type=&#8221;1_2&#8243; _builder_version=&#8221;4.16.1&#8243; _module_preset=&#8221;default&#8221; global_colors_info=&#8221;{}&#8221;][et_pb_text _builder_version=&#8221;4.16.1&#8243; _module_preset=&#8221;default&#8221; text_font=&#8221;Poppins||||||||&#8221; text_text_color=&#8221;gcid-aa1cfdf0-3498-4194-aea4-d087995b0325&#8243; text_font_size=&#8221;16px&#8221; header_2_font=&#8221;Poppins|700|||||||&#8221; header_2_text_color=&#8221;gcid-a02407f4-236d-483b-9541-55c556949c08&#8243; header_2_font_size_tablet=&#8221;&#8221; header_2_font_size_phone=&#8221;20px&#8221; header_2_font_size_last_edited=&#8221;on|phone&#8221; global_colors_info=&#8221;{%22gcid-a02407f4-236d-483b-9541-55c556949c08%22:%91%22header_2_text_color%22%93,%22gcid-aa1cfdf0-3498-4194-aea4-d087995b0325%22:%91%22text_text_color%22%93}&#8221;]<\/p>\n<h2>EVOLUCI\u00d3N<\/h2>\n<p><span>Producimos con la m\u00e1s alta tecnolog\u00eda y los materiales m\u00e1s avanzados, con mano de obra calificada y programas constantes de capacitaci\u00f3n. Controlamos cada etapa del proceso, porque sentimos, al final de cada d\u00eda, que siempre se puede mejorar.<\/span><\/p>\n<p>[\/et_pb_text][\/et_pb_column][\/et_pb_row][\/et_pb_section][et_pb_section fb_built=&#8221;1&#8243; custom_padding_last_edited=&#8221;on|phone&#8221; prev_background_color=&#8221;#ffffff&#8221; _builder_version=&#8221;4.16.1&#8243; _module_preset=&#8221;default&#8221; background_color=&#8221;#f9f9f9&#8243; custom_margin_tablet=&#8221;&#8221; custom_margin_phone=&#8221;0px||||false|false&#8221; custom_margin_last_edited=&#8221;on|phone&#8221; custom_padding_tablet=&#8221;&#8221; custom_padding_phone=&#8221;0px||||false|false&#8221; top_divider_style=&#8221;triangle&#8221; top_divider_height=&#8221;40px&#8221; top_divider_flip=&#8221;vertical&#8221; global_colors_info=&#8221;{}&#8221;][et_pb_row column_structure=&#8221;1_2,1_2&#8243; custom_padding_last_edited=&#8221;on|phone&#8221; _builder_version=&#8221;4.16.1&#8243; _module_preset=&#8221;default&#8221; custom_margin_tablet=&#8221;&#8221; custom_margin_phone=&#8221;0px||||false|false&#8221; custom_margin_last_edited=&#8221;on|phone&#8221; custom_padding_tablet=&#8221;&#8221; custom_padding_phone=&#8221;0px||||false|false&#8221; global_colors_info=&#8221;{}&#8221;][et_pb_column type=&#8221;1_2&#8243; _builder_version=&#8221;4.16.1&#8243; _module_preset=&#8221;default&#8221; global_colors_info=&#8221;{}&#8221;][et_pb_text _builder_version=&#8221;4.16.1&#8243; _module_preset=&#8221;default&#8221; text_font=&#8221;Poppins||||||||&#8221; text_text_color=&#8221;gcid-aa1cfdf0-3498-4194-aea4-d087995b0325&#8243; text_font_size=&#8221;16px&#8221; header_2_font=&#8221;Poppins|700|||||||&#8221; header_2_text_color=&#8221;gcid-a02407f4-236d-483b-9541-55c556949c08&#8243; header_2_font_size_tablet=&#8221;&#8221; header_2_font_size_phone=&#8221;20px&#8221; header_2_font_size_last_edited=&#8221;on|phone&#8221; global_colors_info=&#8221;{%22gcid-a02407f4-236d-483b-9541-55c556949c08%22:%91%22header_2_text_color%22%93,%22gcid-aa1cfdf0-3498-4194-aea4-d087995b0325%22:%91%22text_text_color%22%93}&#8221;]<\/p>\n<h2>UNA PLANTA, UN PLANETA<\/h2>\n<p><span>Cada uno de nuestros procesos de producci\u00f3n se desarrolla bajo rigurosas normas de respeto al medioambiente. Nuestras m\u00e1quinas trabajan con est\u00e1ndares europeos y toda la madera que utilizamos proviene de bosques de cultivo. Queremos ofrecer las mejores puertas del mercado, abiertas a un mundo mejor.<\/span><\/p>\n<p>[\/et_pb_text][\/et_pb_column][et_pb_column type=&#8221;1_2&#8243; _builder_version=&#8221;4.16.1&#8243; _module_preset=&#8221;default&#8221; global_colors_info=&#8221;{}&#8221;][et_pb_image src=&#8221;https:\/\/oblak.unitedbusinessarg.com\/wp-content\/uploads\/2022\/04\/plantaPlaneta.jpg&#8221; title_text=&#8221;plantaPlaneta&#8221; _builder_version=&#8221;4.16.1&#8243; _module_preset=&#8221;default&#8221; global_colors_info=&#8221;{}&#8221;][\/et_pb_image][\/et_pb_column][\/et_pb_row][\/et_pb_section][et_pb_section fb_built=&#8221;1&#8243; custom_padding_last_edited=&#8221;on|phone&#8221; prev_background_color=&#8221;#f9f9f9&#8243; _builder_version=&#8221;4.16.1&#8243; _module_preset=&#8221;default&#8221; background_enable_color=&#8221;off&#8221; custom_margin_tablet=&#8221;&#8221; custom_margin_phone=&#8221;0px||||false|false&#8221; custom_margin_last_edited=&#8221;on|phone&#8221; custom_padding_tablet=&#8221;&#8221; custom_padding_phone=&#8221;0px||||false|false&#8221; top_divider_style=&#8221;triangle&#8221; top_divider_height=&#8221;40px&#8221; top_divider_flip=&#8221;vertical&#8221; global_colors_info=&#8221;{}&#8221;][et_pb_row column_structure=&#8221;1_2,1_2&#8243; custom_padding_last_edited=&#8221;on|phone&#8221; _builder_version=&#8221;4.16.1&#8243; _module_preset=&#8221;default&#8221; custom_margin_tablet=&#8221;&#8221; custom_margin_phone=&#8221;0px||||false|false&#8221; custom_margin_last_edited=&#8221;on|phone&#8221; custom_padding_tablet=&#8221;&#8221; custom_padding_phone=&#8221;0px||||false|false&#8221; global_colors_info=&#8221;{}&#8221;][et_pb_column type=&#8221;1_2&#8243; _builder_version=&#8221;4.16.1&#8243; _module_preset=&#8221;default&#8221; global_colors_info=&#8221;{}&#8221;][et_pb_image src=&#8221;https:\/\/oblak.unitedbusinessarg.com\/wp-content\/uploads\/2022\/04\/dondeEstamos2.jpg&#8221; title_text=&#8221;dondeEstamos2&#8243; _builder_version=&#8221;4.16.1&#8243; _module_preset=&#8221;default&#8221; global_colors_info=&#8221;{}&#8221;][\/et_pb_image][\/et_pb_column][et_pb_column type=&#8221;1_2&#8243; _builder_version=&#8221;4.16.1&#8243; _module_preset=&#8221;default&#8221; global_colors_info=&#8221;{}&#8221;][et_pb_text _builder_version=&#8221;4.16.1&#8243; _module_preset=&#8221;default&#8221; text_font=&#8221;Poppins||||||||&#8221; text_text_color=&#8221;gcid-aa1cfdf0-3498-4194-aea4-d087995b0325&#8243; text_font_size=&#8221;16px&#8221; header_2_font=&#8221;Poppins|700|||||||&#8221; header_2_text_color=&#8221;gcid-a02407f4-236d-483b-9541-55c556949c08&#8243; header_2_font_size_tablet=&#8221;&#8221; header_2_font_size_phone=&#8221;20px&#8221; header_2_font_size_last_edited=&#8221;on|phone&#8221; global_colors_info=&#8221;{%22gcid-a02407f4-236d-483b-9541-55c556949c08%22:%91%22header_2_text_color%22%93,%22gcid-aa1cfdf0-3498-4194-aea4-d087995b0325%22:%91%22text_text_color%22%93}&#8221;]<\/p>\n<h2>DONDE EST\u00c9N, ESTAMOS<\/h2>\n<p><span>En la planta industrial ubicada en Virrey del Pino, provincia de Buenos Aires, fabricamos, acopiamos y palletizamos nuestros productos, desde donde, a trav\u00e9s de las c\u00f3modas d\u00e1rsenas del Centro de Distribuci\u00f3n, los enviamos a la extensa red de distribuidores de todo el pa\u00eds y al mundo.<\/span><\/p>\n<p>[\/et_pb_text][\/et_pb_column][\/et_pb_row][\/et_pb_section][et_pb_section fb_built=&#8221;1&#8243; custom_padding_last_edited=&#8221;on|phone&#8221; prev_background_color=&#8221;#ffffff&#8221; _builder_version=&#8221;4.16.1&#8243; _module_preset=&#8221;default&#8221; background_color=&#8221;#f9f9f9&#8243; custom_margin_tablet=&#8221;&#8221; custom_margin_phone=&#8221;0px||||false|false&#8221; custom_margin_last_edited=&#8221;on|phone&#8221; custom_padding_tablet=&#8221;&#8221; custom_padding_phone=&#8221;0px||||false|false&#8221; top_divider_style=&#8221;triangle&#8221; top_divider_height=&#8221;40px&#8221; top_divider_flip=&#8221;vertical&#8221; global_colors_info=&#8221;{}&#8221;][et_pb_row column_structure=&#8221;1_2,1_2&#8243; custom_padding_last_edited=&#8221;on|phone&#8221; _builder_version=&#8221;4.16.1&#8243; _module_preset=&#8221;default&#8221; custom_margin_tablet=&#8221;&#8221; custom_margin_phone=&#8221;0px||||false|false&#8221; custom_margin_last_edited=&#8221;on|phone&#8221; custom_padding_tablet=&#8221;&#8221; custom_padding_phone=&#8221;0px||||false|false&#8221; global_colors_info=&#8221;{}&#8221;][et_pb_column type=&#8221;1_2&#8243; _builder_version=&#8221;4.16.1&#8243; _module_preset=&#8221;default&#8221; global_colors_info=&#8221;{}&#8221;][et_pb_text _builder_version=&#8221;4.16.1&#8243; _module_preset=&#8221;default&#8221; text_font=&#8221;Poppins||||||||&#8221; text_text_color=&#8221;gcid-aa1cfdf0-3498-4194-aea4-d087995b0325&#8243; text_font_size=&#8221;16px&#8221; header_2_font=&#8221;Poppins|700|||||||&#8221; header_2_text_color=&#8221;gcid-a02407f4-236d-483b-9541-55c556949c08&#8243; header_2_font_size_tablet=&#8221;&#8221; header_2_font_size_phone=&#8221;20px&#8221; header_2_font_size_last_edited=&#8221;on|phone&#8221; global_colors_info=&#8221;{%22gcid-a02407f4-236d-483b-9541-55c556949c08%22:%91%22header_2_text_color%22%93,%22gcid-aa1cfdf0-3498-4194-aea4-d087995b0325%22:%91%22text_text_color%22%93}&#8221;]<\/p>\n<h2>SEGUIR ADELANTE<\/h2>\n<p><span>La visi\u00f3n de futuro que fund\u00f3 nuestra empresa sigue tan clara como el primer d\u00eda y nos gu\u00eda hasta el d\u00eda de hoy. Nos inspira la idea de que siempre se puede dar un paso m\u00e1s hacia el futuro. Estamos orgullosos de nuestra historia. Nos gustan los desaf\u00edos, nos motiva la evoluci\u00f3n.<\/span><\/p>\n<p>[\/et_pb_text][\/et_pb_column][et_pb_column type=&#8221;1_2&#8243; _builder_version=&#8221;4.16.1&#8243; _module_preset=&#8221;default&#8221; global_colors_info=&#8221;{}&#8221;][et_pb_image src=&#8221;https:\/\/oblak.unitedbusinessarg.com\/wp-content\/uploads\/2022\/04\/seguiradelante2.jpg&#8221; title_text=&#8221;seguiradelante2&#8243; _builder_version=&#8221;4.16.1&#8243; _module_preset=&#8221;default&#8221; global_colors_info=&#8221;{}&#8221;][\/et_pb_image][\/et_pb_column][\/et_pb_row][\/et_pb_section]<\/p>\n","protected":false},"excerpt":{"rendered":"<p>CONOCENOS<div class=\"et_pb_module dipl_double_color_heading dipl_double_color_heading_0 \">\n\t\t\t\t\n\t\t\t\t\n\t\t\t\t\n\t\t\t\t\n\t\t\t\t\n\t\t\t\t\n\t\t\t\t<div class=\"et_pb_module_inner\">\n\t\t\t\t\t<div class=\"dipl_text_wrapper\"><h2><span class=\"dipl_pre_text\">Una empresa siempre<\/span><span class=\"dipl_main_text\">premium<\/span><\/h2><\/div>\n\t\t\t\t<\/div>\n\t\t\t<\/div>LA EMPRESA, EL COMIENZO En la d\u00e9cada de 1950 los hermanos OBLAK, llegados de Eslovenia, instalan su taller en Buenos Aires. Su profundo conocimiento sobre la madera les permite producir puertas y ventanas de gran calidad, y sentar las bases de [&hellip;]<\/p>\n","protected":false},"author":1,"featured_media":0,"parent":0,"menu_order":0,"comment_status":"closed","ping_status":"closed","template":"","meta":{"_et_pb_use_builder":"on","_et_pb_old_content":"<!-- wp:divi\/placeholder \/-->","_et_gb_content_width":"","footnotes":""},"class_list":["post-1450","page","type-page","status-publish","hentry"],"_links":{"self":[{"href":"https:\/\/oblak.unitedbusinessarg.com\/index.php\/wp-json\/wp\/v2\/pages\/1450","targetHints":{"allow":["GET"]}}],"collection":[{"href":"https:\/\/oblak.unitedbusinessarg.com\/index.php\/wp-json\/wp\/v2\/pages"}],"about":[{"href":"https:\/\/oblak.unitedbusinessarg.com\/index.php\/wp-json\/wp\/v2\/types\/page"}],"author":[{"embeddable":true,"href":"https:\/\/oblak.unitedbusinessarg.com\/index.php\/wp-json\/wp\/v2\/users\/1"}],"replies":[{"embeddable":true,"href":"https:\/\/oblak.unitedbusinessarg.com\/index.php\/wp-json\/wp\/v2\/comments?post=1450"}],"version-history":[{"count":15,"href":"https:\/\/oblak.unitedbusinessarg.com\/index.php\/wp-json\/wp\/v2\/pages\/1450\/revisions"}],"predecessor-version":[{"id":1888,"href":"https:\/\/oblak.unitedbusinessarg.com\/index.php\/wp-json\/wp\/v2\/pages\/1450\/revisions\/1888"}],"wp:attachment":[{"href":"https:\/\/oblak.unitedbusinessarg.com\/index.php\/wp-json\/wp\/v2\/media?parent=1450"}],"curies":[{"name":"wp","href":"https:\/\/api.w.org\/{rel}","templated":true}]}}